{"id":835,"date":"2021-05-31T19:16:17","date_gmt":"2021-05-31T22:16:17","guid":{"rendered":"http:\/\/wmt.com.br\/?page_id=835"},"modified":"2021-06-07T18:23:46","modified_gmt":"2021-06-07T21:23:46","slug":"beatriz-trovo","status":"publish","type":"page","link":"https:\/\/wmt.com.br\/eng\/beatriz-trovo\/","title":{"rendered":"Beatriz Trovo"},"content":{"rendered":"<div data-elementor-type=\"wp-page\" data-elementor-id=\"835\" class=\"elementor elementor-835\" data-elementor-post-type=\"page\">\n\t\t\t\t\t\t<section class=\"elementor-section elementor-top-section elementor-element elementor-element-32209d6a elementor-section-boxed elementor-section-height-default elementor-section-height-default\" data-id=\"32209d6a\" data-element_type=\"section\">\n\t\t\t\t\t\t<div class=\"elementor-container elementor-column-gap-default\">\n\t\t\t\t\t<div class=\"elementor-column elementor-col-50 elementor-top-column elementor-element elementor-element-5652da47 elementor-invisible\" data-id=\"5652da47\" data-element_type=\"column\" data-settings=\"{&quot;animation&quot;:&quot;fadeIn&quot;}\">\n\t\t\t<div class=\"elementor-widget-wrap elementor-element-populated\">\n\t\t\t\t\t\t<div class=\"elementor-element elementor-element-161a5b7f elementor-widget elementor-widget-image\" data-id=\"161a5b7f\" data-element_type=\"widget\" data-widget_type=\"image.default\">\n\t\t\t\t<div class=\"elementor-widget-container\">\n\t\t\t\t\t\t\t\t\t\t\t\t\t<img fetchpriority=\"high\" decoding=\"async\" width=\"600\" height=\"720\" src=\"https:\/\/wmt.com.br\/wp-content\/uploads\/2021\/05\/Beatriz_foto_equipe.jpg\" class=\"attachment-large size-large wp-image-785\" alt=\"\" srcset=\"https:\/\/wmt.com.br\/wp-content\/uploads\/2021\/05\/Beatriz_foto_equipe.jpg 600w, https:\/\/wmt.com.br\/wp-content\/uploads\/2021\/05\/Beatriz_foto_equipe-250x300.jpg 250w, https:\/\/wmt.com.br\/wp-content\/uploads\/2021\/05\/Beatriz_foto_equipe-10x12.jpg 10w\" sizes=\"(max-width: 600px) 100vw, 600px\" \/>\t\t\t\t\t\t\t\t\t\t\t\t\t<\/div>\n\t\t\t\t<\/div>\n\t\t\t\t<div class=\"elementor-element elementor-element-4d6f6cea elementor-widget elementor-widget-text-editor\" data-id=\"4d6f6cea\" data-element_type=\"widget\" data-widget_type=\"text-editor.default\">\n\t\t\t\t<div class=\"elementor-widget-container\">\n\t\t\t\t\t\t\t<p>contact<\/p>\t\t\t\t\t\t<\/div>\n\t\t\t\t<\/div>\n\t\t\t\t<div class=\"elementor-element elementor-element-447f151a link elementor-widget elementor-widget-text-editor\" data-id=\"447f151a\" data-element_type=\"widget\" data-widget_type=\"text-editor.default\">\n\t\t\t\t<div class=\"elementor-widget-container\">\n\t\t\t\t\t\t\t<p><a href=\"mailto:beatriz.trovo@wmt.com.br\">beatriz.trovo@wmt.com.br<\/a><\/p>\t\t\t\t\t\t<\/div>\n\t\t\t\t<\/div>\n\t\t\t\t<div class=\"elementor-element elementor-element-65458f91 elementor-view-default elementor-widget elementor-widget-icon\" data-id=\"65458f91\" data-element_type=\"widget\" data-widget_type=\"icon.default\">\n\t\t\t\t<div class=\"elementor-widget-container\">\n\t\t\t\t\t<div class=\"elementor-icon-wrapper\">\n\t\t\t<a class=\"elementor-icon\" href=\"https:\/\/www.linkedin.com\/in\/beatriz-trovo-pontes-de-miranda-a6b73437\" target=\"_blank\">\n\t\t\t<i aria-hidden=\"true\" class=\"icon icon-linkedin\"><\/i>\t\t\t<\/a>\n\t\t<\/div>\n\t\t\t\t<\/div>\n\t\t\t\t<\/div>\n\t\t\t\t\t<\/div>\n\t\t<\/div>\n\t\t\t\t<div class=\"elementor-column elementor-col-50 elementor-top-column elementor-element elementor-element-1e94dbe4 elementor-invisible\" data-id=\"1e94dbe4\" data-element_type=\"column\" data-settings=\"{&quot;animation&quot;:&quot;fadeIn&quot;,&quot;animation_delay&quot;:200}\">\n\t\t\t<div class=\"elementor-widget-wrap elementor-element-populated\">\n\t\t\t\t\t\t<div class=\"elementor-element elementor-element-5270e102 elementor-widget elementor-widget-text-editor\" data-id=\"5270e102\" data-element_type=\"widget\" data-widget_type=\"text-editor.default\">\n\t\t\t\t<div class=\"elementor-widget-container\">\n\t\t\t\t\t\t\t<p>Beatriz Trovo<\/p>\t\t\t\t\t\t<\/div>\n\t\t\t\t<\/div>\n\t\t\t\t<div class=\"elementor-element elementor-element-6b4a443f elementor-widget elementor-widget-text-editor\" data-id=\"6b4a443f\" data-element_type=\"widget\" data-widget_type=\"text-editor.default\">\n\t\t\t\t<div class=\"elementor-widget-container\">\n\t\t\t\t\t\t\t<p>partner<\/p>\t\t\t\t\t\t<\/div>\n\t\t\t\t<\/div>\n\t\t\t\t<div class=\"elementor-element elementor-element-522dde6a elementor-widget elementor-widget-text-editor\" data-id=\"522dde6a\" data-element_type=\"widget\" data-widget_type=\"text-editor.default\">\n\t\t\t\t<div class=\"elementor-widget-container\">\n\t\t\t\t\t\t\t<p>Beatriz Trovo\u2019s practice is focused on corporate, capital markets and financing areas, including project finance.<\/p><p class=\"translation-block\">For almost twenty years Beatriz has been advising on important debt restructuring transactions, securities issuance, project finance, securitization transactions, joint ventures, mergers and acquisitions (M&amp;A), as well as on regulatory aspects related to publicly-held companies and investment funds. A debt-restructuring transaction in which she has acted has competed for the Deal of the Year award, as promoted by Latin Lawyer.<\/p><p>Beatriz Trovo has held prior partner position at Motta, Fernandes Rocha and Sampaio Ferraz Advogados.<\/p><p>Beatriz\u2019s practice has been recognized in the last years in several rankings by the Brazilian <em>Advogados Mais Admirados do Brasil<\/em> and <em>Advogadas Mais Admiradas do Brasil<\/em>.<\/p><p class=\"translation-block\">Beatriz holds a master degree and an LL.B. from the University of S\u00e3o Paulo Law School (USP). She also has a specialization degree in business economics from S\u00e3o Paulo School of Economics of Getulio Vargas Foundation (FGV\/EESP).<\/p>\t\t\t\t\t\t<\/div>\n\t\t\t\t<\/div>\n\t\t\t\t\t<\/div>\n\t\t<\/div>\n\t\t\t\t\t<\/div>\n\t\t<\/section>\n\t\t\t\t<\/div>","protected":false},"excerpt":{"rendered":"<p>contato beatriz.trovo@wmt.com.br Beatriz Trovo s\u00f3cia Beatriz Trovo Pontes de Miranda atua h\u00e1 quase vinte anos nas \u00e1reas de societ\u00e1rio, mercado de capitais e financiamentos, inclusive financiamentos de projetos de infraestrutura. Beatriz Trovo Pontes de Miranda assessorou importantes opera\u00e7\u00f5es de reestrutura\u00e7\u00f5es de d\u00edvidas, emiss\u00f5es de valores mobili\u00e1rios, project finance, opera\u00e7\u00f5es de securitiza\u00e7\u00e3o, joint ventures, fus\u00f5es e [&hellip;]<\/p>","protected":false},"author":1,"featured_media":0,"parent":0,"menu_order":0,"comment_status":"closed","ping_status":"closed","template":"","meta":{"footnotes":""},"class_list":["post-835","page","type-page","status-publish","hentry"],"yoast_head":"<!-- This site is optimized with the Yoast SEO plugin v26.9 - https:\/\/yoast.com\/product\/yoast-seo-wordpress\/ -->\n<title>Beatriz Trovo - WM&amp;T<\/title>\n<meta name=\"description\" content=\"Beatriz Trovo Pontes de Miranda atua h\u00e1 quase vinte anos nas \u00e1reas de societ\u00e1rio, mercado de capitais e financiamentos\" \/>\n<meta name=\"robots\" content=\"index, follow, max-snippet:-1, max-image-preview:large, max-video-preview:-1\" \/>\n<link rel=\"canonical\" href=\"https:\/\/wmt.com.br\/eng\/beatriz-trovo\/\" \/>\n<meta property=\"og:locale\" content=\"en_US\" \/>\n<meta property=\"og:type\" content=\"article\" \/>\n<meta property=\"og:title\" content=\"Beatriz Trovo - WM&amp;T\" \/>\n<meta property=\"og:description\" content=\"Beatriz Trovo Pontes de Miranda atua h\u00e1 quase vinte anos nas \u00e1reas de societ\u00e1rio, mercado de capitais e financiamentos\" \/>\n<meta property=\"og:url\" content=\"https:\/\/wmt.com.br\/eng\/beatriz-trovo\/\" \/>\n<meta property=\"og:site_name\" content=\"WM&amp;T\" \/>\n<meta property=\"article:modified_time\" content=\"2021-06-07T21:23:46+00:00\" \/>\n<meta property=\"og:image\" content=\"http:\/\/wmt.com.br\/wp-content\/uploads\/2021\/05\/Beatriz_foto_equipe.jpg\" \/>\n<meta name=\"twitter:card\" content=\"summary_large_image\" \/>\n<meta name=\"twitter:label1\" content=\"Est. reading time\" \/>\n\t<meta name=\"twitter:data1\" content=\"2 minutes\" \/>\n<script type=\"application\/ld+json\" class=\"yoast-schema-graph\">{\"@context\":\"https:\/\/schema.org\",\"@graph\":[{\"@type\":\"WebPage\",\"@id\":\"https:\/\/wmt.com.br\/beatriz-trovo\/\",\"url\":\"https:\/\/wmt.com.br\/beatriz-trovo\/\",\"name\":\"Beatriz Trovo - WM&amp;T\",\"isPartOf\":{\"@id\":\"https:\/\/wmt.com.br\/#website\"},\"primaryImageOfPage\":{\"@id\":\"https:\/\/wmt.com.br\/beatriz-trovo\/#primaryimage\"},\"image\":{\"@id\":\"https:\/\/wmt.com.br\/beatriz-trovo\/#primaryimage\"},\"thumbnailUrl\":\"http:\/\/wmt.com.br\/wp-content\/uploads\/2021\/05\/Beatriz_foto_equipe.jpg\",\"datePublished\":\"2021-05-31T22:16:17+00:00\",\"dateModified\":\"2021-06-07T21:23:46+00:00\",\"description\":\"Beatriz Trovo Pontes de Miranda atua h\u00e1 quase vinte anos nas \u00e1reas de societ\u00e1rio, mercado de capitais e financiamentos\",\"inLanguage\":\"en-US\",\"potentialAction\":[{\"@type\":\"ReadAction\",\"target\":[\"https:\/\/wmt.com.br\/beatriz-trovo\/\"]}]},{\"@type\":\"ImageObject\",\"inLanguage\":\"en-US\",\"@id\":\"https:\/\/wmt.com.br\/beatriz-trovo\/#primaryimage\",\"url\":\"http:\/\/wmt.com.br\/wp-content\/uploads\/2021\/05\/Beatriz_foto_equipe.jpg\",\"contentUrl\":\"http:\/\/wmt.com.br\/wp-content\/uploads\/2021\/05\/Beatriz_foto_equipe.jpg\"},{\"@type\":\"WebSite\",\"@id\":\"https:\/\/wmt.com.br\/#website\",\"url\":\"https:\/\/wmt.com.br\/\",\"name\":\"WM&amp;T\",\"description\":\"\",\"publisher\":{\"@id\":\"https:\/\/wmt.com.br\/#organization\"},\"potentialAction\":[{\"@type\":\"SearchAction\",\"target\":{\"@type\":\"EntryPoint\",\"urlTemplate\":\"https:\/\/wmt.com.br\/?s={search_term_string}\"},\"query-input\":{\"@type\":\"PropertyValueSpecification\",\"valueRequired\":true,\"valueName\":\"search_term_string\"}}],\"inLanguage\":\"en-US\"},{\"@type\":\"Organization\",\"@id\":\"https:\/\/wmt.com.br\/#organization\",\"name\":\"WM&amp;T\",\"url\":\"https:\/\/wmt.com.br\/\",\"logo\":{\"@type\":\"ImageObject\",\"inLanguage\":\"en-US\",\"@id\":\"https:\/\/wmt.com.br\/#\/schema\/logo\/image\/\",\"url\":\"https:\/\/wmt.com.br\/wp-content\/uploads\/2021\/06\/cropped-favicon_wmt.png\",\"contentUrl\":\"https:\/\/wmt.com.br\/wp-content\/uploads\/2021\/06\/cropped-favicon_wmt.png\",\"width\":512,\"height\":512,\"caption\":\"WM&amp;T\"},\"image\":{\"@id\":\"https:\/\/wmt.com.br\/#\/schema\/logo\/image\/\"}}]}<\/script>\n<!-- \/ Yoast SEO plugin. -->","yoast_head_json":{"title":"Beatriz Trovo - WM&amp;T","description":"Beatriz Trovo Pontes de Miranda atua h\u00e1 quase vinte anos nas \u00e1reas de societ\u00e1rio, mercado de capitais e financiamentos","robots":{"index":"index","follow":"follow","max-snippet":"max-snippet:-1","max-image-preview":"max-image-preview:large","max-video-preview":"max-video-preview:-1"},"canonical":"https:\/\/wmt.com.br\/eng\/beatriz-trovo\/","og_locale":"en_US","og_type":"article","og_title":"Beatriz Trovo - WM&amp;T","og_description":"Beatriz Trovo Pontes de Miranda atua h\u00e1 quase vinte anos nas \u00e1reas de societ\u00e1rio, mercado de capitais e financiamentos","og_url":"https:\/\/wmt.com.br\/eng\/beatriz-trovo\/","og_site_name":"WM&amp;T","article_modified_time":"2021-06-07T21:23:46+00:00","og_image":[{"url":"http:\/\/wmt.com.br\/wp-content\/uploads\/2021\/05\/Beatriz_foto_equipe.jpg","type":"","width":"","height":""}],"twitter_card":"summary_large_image","twitter_misc":{"Est. reading time":"2 minutes"},"schema":{"@context":"https:\/\/schema.org","@graph":[{"@type":"WebPage","@id":"https:\/\/wmt.com.br\/beatriz-trovo\/","url":"https:\/\/wmt.com.br\/beatriz-trovo\/","name":"Beatriz Trovo - WM&amp;T","isPartOf":{"@id":"https:\/\/wmt.com.br\/#website"},"primaryImageOfPage":{"@id":"https:\/\/wmt.com.br\/beatriz-trovo\/#primaryimage"},"image":{"@id":"https:\/\/wmt.com.br\/beatriz-trovo\/#primaryimage"},"thumbnailUrl":"http:\/\/wmt.com.br\/wp-content\/uploads\/2021\/05\/Beatriz_foto_equipe.jpg","datePublished":"2021-05-31T22:16:17+00:00","dateModified":"2021-06-07T21:23:46+00:00","description":"Beatriz Trovo Pontes de Miranda atua h\u00e1 quase vinte anos nas \u00e1reas de societ\u00e1rio, mercado de capitais e financiamentos","inLanguage":"en-US","potentialAction":[{"@type":"ReadAction","target":["https:\/\/wmt.com.br\/beatriz-trovo\/"]}]},{"@type":"ImageObject","inLanguage":"en-US","@id":"https:\/\/wmt.com.br\/beatriz-trovo\/#primaryimage","url":"http:\/\/wmt.com.br\/wp-content\/uploads\/2021\/05\/Beatriz_foto_equipe.jpg","contentUrl":"http:\/\/wmt.com.br\/wp-content\/uploads\/2021\/05\/Beatriz_foto_equipe.jpg"},{"@type":"WebSite","@id":"https:\/\/wmt.com.br\/#website","url":"https:\/\/wmt.com.br\/","name":"WM&amp;T","description":"","publisher":{"@id":"https:\/\/wmt.com.br\/#organization"},"potentialAction":[{"@type":"SearchAction","target":{"@type":"EntryPoint","urlTemplate":"https:\/\/wmt.com.br\/?s={search_term_string}"},"query-input":{"@type":"PropertyValueSpecification","valueRequired":true,"valueName":"search_term_string"}}],"inLanguage":"en-US"},{"@type":"Organization","@id":"https:\/\/wmt.com.br\/#organization","name":"WM&amp;T","url":"https:\/\/wmt.com.br\/","logo":{"@type":"ImageObject","inLanguage":"en-US","@id":"https:\/\/wmt.com.br\/#\/schema\/logo\/image\/","url":"https:\/\/wmt.com.br\/wp-content\/uploads\/2021\/06\/cropped-favicon_wmt.png","contentUrl":"https:\/\/wmt.com.br\/wp-content\/uploads\/2021\/06\/cropped-favicon_wmt.png","width":512,"height":512,"caption":"WM&amp;T"},"image":{"@id":"https:\/\/wmt.com.br\/#\/schema\/logo\/image\/"}}]}},"_links":{"self":[{"href":"https:\/\/wmt.com.br\/eng\/wp-json\/wp\/v2\/pages\/835","targetHints":{"allow":["GET"]}}],"collection":[{"href":"https:\/\/wmt.com.br\/eng\/wp-json\/wp\/v2\/pages"}],"about":[{"href":"https:\/\/wmt.com.br\/eng\/wp-json\/wp\/v2\/types\/page"}],"author":[{"embeddable":true,"href":"https:\/\/wmt.com.br\/eng\/wp-json\/wp\/v2\/users\/1"}],"replies":[{"embeddable":true,"href":"https:\/\/wmt.com.br\/eng\/wp-json\/wp\/v2\/comments?post=835"}],"version-history":[{"count":11,"href":"https:\/\/wmt.com.br\/eng\/wp-json\/wp\/v2\/pages\/835\/revisions"}],"predecessor-version":[{"id":1191,"href":"https:\/\/wmt.com.br\/eng\/wp-json\/wp\/v2\/pages\/835\/revisions\/1191"}],"wp:attachment":[{"href":"https:\/\/wmt.com.br\/eng\/wp-json\/wp\/v2\/media?parent=835"}],"curies":[{"name":"wp","href":"https:\/\/api.w.org\/{rel}","templated":true}]}}