{"id":859,"date":"2021-05-31T19:23:13","date_gmt":"2021-05-31T22:23:13","guid":{"rendered":"http:\/\/wmt.com.br\/?page_id=859"},"modified":"2021-06-07T18:34:04","modified_gmt":"2021-06-07T21:34:04","slug":"joao-pedro-senedesi","status":"publish","type":"page","link":"https:\/\/wmt.com.br\/eng\/joao-pedro-senedesi\/","title":{"rendered":"Jo\u00e3o Pedro Senedesi"},"content":{"rendered":"<div data-elementor-type=\"wp-page\" data-elementor-id=\"859\" class=\"elementor elementor-859\" data-elementor-post-type=\"page\">\n\t\t\t\t\t\t<section class=\"elementor-section elementor-top-section elementor-element elementor-element-32209d6a elementor-section-boxed elementor-section-height-default elementor-section-height-default\" data-id=\"32209d6a\" data-element_type=\"section\">\n\t\t\t\t\t\t<div class=\"elementor-container elementor-column-gap-default\">\n\t\t\t\t\t<div class=\"elementor-column elementor-col-50 elementor-top-column elementor-element elementor-element-5652da47 elementor-invisible\" data-id=\"5652da47\" data-element_type=\"column\" data-settings=\"{&quot;animation&quot;:&quot;fadeIn&quot;}\">\n\t\t\t<div class=\"elementor-widget-wrap elementor-element-populated\">\n\t\t\t\t\t\t<div class=\"elementor-element elementor-element-161a5b7f elementor-widget elementor-widget-image\" data-id=\"161a5b7f\" data-element_type=\"widget\" data-widget_type=\"image.default\">\n\t\t\t\t<div class=\"elementor-widget-container\">\n\t\t\t\t\t\t\t\t\t\t\t\t\t<img fetchpriority=\"high\" decoding=\"async\" width=\"600\" height=\"720\" src=\"https:\/\/wmt.com.br\/wp-content\/uploads\/2021\/05\/Joao_foto_pessoal.jpg\" class=\"attachment-large size-large wp-image-861\" alt=\"\" srcset=\"https:\/\/wmt.com.br\/wp-content\/uploads\/2021\/05\/Joao_foto_pessoal.jpg 600w, https:\/\/wmt.com.br\/wp-content\/uploads\/2021\/05\/Joao_foto_pessoal-250x300.jpg 250w, https:\/\/wmt.com.br\/wp-content\/uploads\/2021\/05\/Joao_foto_pessoal-10x12.jpg 10w\" sizes=\"(max-width: 600px) 100vw, 600px\" \/>\t\t\t\t\t\t\t\t\t\t\t\t\t<\/div>\n\t\t\t\t<\/div>\n\t\t\t\t<div class=\"elementor-element elementor-element-4d6f6cea elementor-widget elementor-widget-text-editor\" data-id=\"4d6f6cea\" data-element_type=\"widget\" data-widget_type=\"text-editor.default\">\n\t\t\t\t<div class=\"elementor-widget-container\">\n\t\t\t\t\t\t\t<p>contact<\/p>\t\t\t\t\t\t<\/div>\n\t\t\t\t<\/div>\n\t\t\t\t<div class=\"elementor-element elementor-element-447f151a link elementor-widget elementor-widget-text-editor\" data-id=\"447f151a\" data-element_type=\"widget\" data-widget_type=\"text-editor.default\">\n\t\t\t\t<div class=\"elementor-widget-container\">\n\t\t\t\t\t\t\t<p><a href=\"mailto:joao@wmt.com.br\">joao@wmt.com.br<\/a><\/p>\t\t\t\t\t\t<\/div>\n\t\t\t\t<\/div>\n\t\t\t\t<div class=\"elementor-element elementor-element-65458f91 elementor-view-default elementor-widget elementor-widget-icon\" data-id=\"65458f91\" data-element_type=\"widget\" data-widget_type=\"icon.default\">\n\t\t\t\t<div class=\"elementor-widget-container\">\n\t\t\t\t\t<div class=\"elementor-icon-wrapper\">\n\t\t\t<a class=\"elementor-icon\" href=\"https:\/\/www.linkedin.com\/in\/joaosenedesi\" target=\"_blank\">\n\t\t\t<i aria-hidden=\"true\" class=\"icon icon-linkedin\"><\/i>\t\t\t<\/a>\n\t\t<\/div>\n\t\t\t\t<\/div>\n\t\t\t\t<\/div>\n\t\t\t\t\t<\/div>\n\t\t<\/div>\n\t\t\t\t<div class=\"elementor-column elementor-col-50 elementor-top-column elementor-element elementor-element-1e94dbe4 elementor-invisible\" data-id=\"1e94dbe4\" data-element_type=\"column\" data-settings=\"{&quot;animation&quot;:&quot;fadeIn&quot;,&quot;animation_delay&quot;:200}\">\n\t\t\t<div class=\"elementor-widget-wrap elementor-element-populated\">\n\t\t\t\t\t\t<div class=\"elementor-element elementor-element-5270e102 elementor-widget elementor-widget-text-editor\" data-id=\"5270e102\" data-element_type=\"widget\" data-widget_type=\"text-editor.default\">\n\t\t\t\t<div class=\"elementor-widget-container\">\n\t\t\t\t\t\t\t<p>jo\u00e3o pedro senedesi<\/p>\t\t\t\t\t\t<\/div>\n\t\t\t\t<\/div>\n\t\t\t\t<div class=\"elementor-element elementor-element-6b4a443f elementor-widget elementor-widget-text-editor\" data-id=\"6b4a443f\" data-element_type=\"widget\" data-widget_type=\"text-editor.default\">\n\t\t\t\t<div class=\"elementor-widget-container\">\n\t\t\t\t\t\t\t<p>associate<\/p>\t\t\t\t\t\t<\/div>\n\t\t\t\t<\/div>\n\t\t\t\t<div class=\"elementor-element elementor-element-522dde6a elementor-widget elementor-widget-text-editor\" data-id=\"522dde6a\" data-element_type=\"widget\" data-widget_type=\"text-editor.default\">\n\t\t\t\t<div class=\"elementor-widget-container\">\n\t\t\t\t\t\t\t<p>Jo\u00e3o Pedro Senedesi works in the Compliance and Anticorruption areas, focusing on internal corporate investigations. His professional and academic experience in criminal law qualifies him to act in investigations involving crimes such as corruption, money laundering and bidding crimes.<\/p><p>Jo\u00e3o Pedro acted in relevant internal investigations by publicly-traded companies regarding violations of national and foreign anti-corruption legislation.\u00a0<\/p><p>Graduated in law from the Pontifical Catholic University of Paran\u00e1 (Londrina), he has a postgraduate degree in Criminal Procedure and Economic Criminal Law from the Brazilian Institute of Criminal Sciences in partnership with the University of Coimbra and he took a Law Specialization Course at the University of Salamanca (ES) with a focus on Organized Crime, Corruption and Terrorism.\u00a0<\/p>\t\t\t\t\t\t<\/div>\n\t\t\t\t<\/div>\n\t\t\t\t\t<\/div>\n\t\t<\/div>\n\t\t\t\t\t<\/div>\n\t\t<\/section>\n\t\t\t\t<\/div>","protected":false},"excerpt":{"rendered":"<p>contato joao@wmt.com.br jo\u00e3o pedro senedesi associado Jo\u00e3o Pedro Senedesi atua nas \u00e1reas de Compliance e Anticorrup\u00e7\u00e3o, com foco em investiga\u00e7\u00f5es internas corporativas. Sua experi\u00eancia profissional e acad\u00eamica em direito penal o qualifica na atua\u00e7\u00e3o em apura\u00e7\u00f5es que envolvam crimes como corrup\u00e7\u00e3o, lavagem de dinheiro e crimes licitat\u00f3rios. Jo\u00e3o Pedro atuou em relevantes investiga\u00e7\u00f5es internas de [&hellip;]<\/p>","protected":false},"author":1,"featured_media":0,"parent":0,"menu_order":0,"comment_status":"closed","ping_status":"closed","template":"","meta":{"footnotes":""},"class_list":["post-859","page","type-page","status-publish","hentry"],"yoast_head":"<!-- This site is optimized with the Yoast SEO plugin v26.9 - https:\/\/yoast.com\/product\/yoast-seo-wordpress\/ -->\n<title>Jo\u00e3o Pedro Senedesi - WM&amp;T<\/title>\n<meta name=\"description\" content=\"Jo\u00e3o Pedro Senedesi atua nas \u00e1reas de Compliance e Anticorrup\u00e7\u00e3o, com foco em investiga\u00e7\u00f5es internas corporativas.\" \/>\n<meta name=\"robots\" content=\"index, follow, max-snippet:-1, max-image-preview:large, max-video-preview:-1\" \/>\n<link rel=\"canonical\" href=\"https:\/\/wmt.com.br\/eng\/joao-pedro-senedesi\/\" \/>\n<meta property=\"og:locale\" content=\"en_US\" \/>\n<meta property=\"og:type\" content=\"article\" \/>\n<meta property=\"og:title\" content=\"Jo\u00e3o Pedro Senedesi - WM&amp;T\" \/>\n<meta property=\"og:description\" content=\"Jo\u00e3o Pedro Senedesi atua nas \u00e1reas de Compliance e Anticorrup\u00e7\u00e3o, com foco em investiga\u00e7\u00f5es internas corporativas.\" \/>\n<meta property=\"og:url\" content=\"https:\/\/wmt.com.br\/eng\/joao-pedro-senedesi\/\" \/>\n<meta property=\"og:site_name\" content=\"WM&amp;T\" \/>\n<meta property=\"article:modified_time\" content=\"2021-06-07T21:34:04+00:00\" \/>\n<meta property=\"og:image\" content=\"http:\/\/wmt.com.br\/wp-content\/uploads\/2021\/05\/Joao_foto_pessoal.jpg\" \/>\n<meta name=\"twitter:card\" content=\"summary_large_image\" \/>\n<meta name=\"twitter:label1\" content=\"Est. reading time\" \/>\n\t<meta name=\"twitter:data1\" content=\"1 minute\" \/>\n<script type=\"application\/ld+json\" class=\"yoast-schema-graph\">{\"@context\":\"https:\/\/schema.org\",\"@graph\":[{\"@type\":\"WebPage\",\"@id\":\"https:\/\/wmt.com.br\/joao-pedro-senedesi\/\",\"url\":\"https:\/\/wmt.com.br\/joao-pedro-senedesi\/\",\"name\":\"Jo\u00e3o Pedro Senedesi - WM&amp;T\",\"isPartOf\":{\"@id\":\"https:\/\/wmt.com.br\/#website\"},\"primaryImageOfPage\":{\"@id\":\"https:\/\/wmt.com.br\/joao-pedro-senedesi\/#primaryimage\"},\"image\":{\"@id\":\"https:\/\/wmt.com.br\/joao-pedro-senedesi\/#primaryimage\"},\"thumbnailUrl\":\"http:\/\/wmt.com.br\/wp-content\/uploads\/2021\/05\/Joao_foto_pessoal.jpg\",\"datePublished\":\"2021-05-31T22:23:13+00:00\",\"dateModified\":\"2021-06-07T21:34:04+00:00\",\"description\":\"Jo\u00e3o Pedro Senedesi atua nas \u00e1reas de Compliance e Anticorrup\u00e7\u00e3o, com foco em investiga\u00e7\u00f5es internas corporativas.\",\"inLanguage\":\"en-US\",\"potentialAction\":[{\"@type\":\"ReadAction\",\"target\":[\"https:\/\/wmt.com.br\/joao-pedro-senedesi\/\"]}]},{\"@type\":\"ImageObject\",\"inLanguage\":\"en-US\",\"@id\":\"https:\/\/wmt.com.br\/joao-pedro-senedesi\/#primaryimage\",\"url\":\"http:\/\/wmt.com.br\/wp-content\/uploads\/2021\/05\/Joao_foto_pessoal.jpg\",\"contentUrl\":\"http:\/\/wmt.com.br\/wp-content\/uploads\/2021\/05\/Joao_foto_pessoal.jpg\"},{\"@type\":\"WebSite\",\"@id\":\"https:\/\/wmt.com.br\/#website\",\"url\":\"https:\/\/wmt.com.br\/\",\"name\":\"WM&amp;T\",\"description\":\"\",\"publisher\":{\"@id\":\"https:\/\/wmt.com.br\/#organization\"},\"potentialAction\":[{\"@type\":\"SearchAction\",\"target\":{\"@type\":\"EntryPoint\",\"urlTemplate\":\"https:\/\/wmt.com.br\/?s={search_term_string}\"},\"query-input\":{\"@type\":\"PropertyValueSpecification\",\"valueRequired\":true,\"valueName\":\"search_term_string\"}}],\"inLanguage\":\"en-US\"},{\"@type\":\"Organization\",\"@id\":\"https:\/\/wmt.com.br\/#organization\",\"name\":\"WM&amp;T\",\"url\":\"https:\/\/wmt.com.br\/\",\"logo\":{\"@type\":\"ImageObject\",\"inLanguage\":\"en-US\",\"@id\":\"https:\/\/wmt.com.br\/#\/schema\/logo\/image\/\",\"url\":\"https:\/\/wmt.com.br\/wp-content\/uploads\/2021\/06\/cropped-favicon_wmt.png\",\"contentUrl\":\"https:\/\/wmt.com.br\/wp-content\/uploads\/2021\/06\/cropped-favicon_wmt.png\",\"width\":512,\"height\":512,\"caption\":\"WM&amp;T\"},\"image\":{\"@id\":\"https:\/\/wmt.com.br\/#\/schema\/logo\/image\/\"}}]}<\/script>\n<!-- \/ Yoast SEO plugin. -->","yoast_head_json":{"title":"Jo\u00e3o Pedro Senedesi - WM&amp;T","description":"Jo\u00e3o Pedro Senedesi atua nas \u00e1reas de Compliance e Anticorrup\u00e7\u00e3o, com foco em investiga\u00e7\u00f5es internas corporativas.","robots":{"index":"index","follow":"follow","max-snippet":"max-snippet:-1","max-image-preview":"max-image-preview:large","max-video-preview":"max-video-preview:-1"},"canonical":"https:\/\/wmt.com.br\/eng\/joao-pedro-senedesi\/","og_locale":"en_US","og_type":"article","og_title":"Jo\u00e3o Pedro Senedesi - WM&amp;T","og_description":"Jo\u00e3o Pedro Senedesi atua nas \u00e1reas de Compliance e Anticorrup\u00e7\u00e3o, com foco em investiga\u00e7\u00f5es internas corporativas.","og_url":"https:\/\/wmt.com.br\/eng\/joao-pedro-senedesi\/","og_site_name":"WM&amp;T","article_modified_time":"2021-06-07T21:34:04+00:00","og_image":[{"url":"http:\/\/wmt.com.br\/wp-content\/uploads\/2021\/05\/Joao_foto_pessoal.jpg","type":"","width":"","height":""}],"twitter_card":"summary_large_image","twitter_misc":{"Est. reading time":"1 minute"},"schema":{"@context":"https:\/\/schema.org","@graph":[{"@type":"WebPage","@id":"https:\/\/wmt.com.br\/joao-pedro-senedesi\/","url":"https:\/\/wmt.com.br\/joao-pedro-senedesi\/","name":"Jo\u00e3o Pedro Senedesi - WM&amp;T","isPartOf":{"@id":"https:\/\/wmt.com.br\/#website"},"primaryImageOfPage":{"@id":"https:\/\/wmt.com.br\/joao-pedro-senedesi\/#primaryimage"},"image":{"@id":"https:\/\/wmt.com.br\/joao-pedro-senedesi\/#primaryimage"},"thumbnailUrl":"http:\/\/wmt.com.br\/wp-content\/uploads\/2021\/05\/Joao_foto_pessoal.jpg","datePublished":"2021-05-31T22:23:13+00:00","dateModified":"2021-06-07T21:34:04+00:00","description":"Jo\u00e3o Pedro Senedesi atua nas \u00e1reas de Compliance e Anticorrup\u00e7\u00e3o, com foco em investiga\u00e7\u00f5es internas corporativas.","inLanguage":"en-US","potentialAction":[{"@type":"ReadAction","target":["https:\/\/wmt.com.br\/joao-pedro-senedesi\/"]}]},{"@type":"ImageObject","inLanguage":"en-US","@id":"https:\/\/wmt.com.br\/joao-pedro-senedesi\/#primaryimage","url":"http:\/\/wmt.com.br\/wp-content\/uploads\/2021\/05\/Joao_foto_pessoal.jpg","contentUrl":"http:\/\/wmt.com.br\/wp-content\/uploads\/2021\/05\/Joao_foto_pessoal.jpg"},{"@type":"WebSite","@id":"https:\/\/wmt.com.br\/#website","url":"https:\/\/wmt.com.br\/","name":"WM&amp;T","description":"","publisher":{"@id":"https:\/\/wmt.com.br\/#organization"},"potentialAction":[{"@type":"SearchAction","target":{"@type":"EntryPoint","urlTemplate":"https:\/\/wmt.com.br\/?s={search_term_string}"},"query-input":{"@type":"PropertyValueSpecification","valueRequired":true,"valueName":"search_term_string"}}],"inLanguage":"en-US"},{"@type":"Organization","@id":"https:\/\/wmt.com.br\/#organization","name":"WM&amp;T","url":"https:\/\/wmt.com.br\/","logo":{"@type":"ImageObject","inLanguage":"en-US","@id":"https:\/\/wmt.com.br\/#\/schema\/logo\/image\/","url":"https:\/\/wmt.com.br\/wp-content\/uploads\/2021\/06\/cropped-favicon_wmt.png","contentUrl":"https:\/\/wmt.com.br\/wp-content\/uploads\/2021\/06\/cropped-favicon_wmt.png","width":512,"height":512,"caption":"WM&amp;T"},"image":{"@id":"https:\/\/wmt.com.br\/#\/schema\/logo\/image\/"}}]}},"_links":{"self":[{"href":"https:\/\/wmt.com.br\/eng\/wp-json\/wp\/v2\/pages\/859","targetHints":{"allow":["GET"]}}],"collection":[{"href":"https:\/\/wmt.com.br\/eng\/wp-json\/wp\/v2\/pages"}],"about":[{"href":"https:\/\/wmt.com.br\/eng\/wp-json\/wp\/v2\/types\/page"}],"author":[{"embeddable":true,"href":"https:\/\/wmt.com.br\/eng\/wp-json\/wp\/v2\/users\/1"}],"replies":[{"embeddable":true,"href":"https:\/\/wmt.com.br\/eng\/wp-json\/wp\/v2\/comments?post=859"}],"version-history":[{"count":11,"href":"https:\/\/wmt.com.br\/eng\/wp-json\/wp\/v2\/pages\/859\/revisions"}],"predecessor-version":[{"id":1200,"href":"https:\/\/wmt.com.br\/eng\/wp-json\/wp\/v2\/pages\/859\/revisions\/1200"}],"wp:attachment":[{"href":"https:\/\/wmt.com.br\/eng\/wp-json\/wp\/v2\/media?parent=859"}],"curies":[{"name":"wp","href":"https:\/\/api.w.org\/{rel}","templated":true}]}}