{"id":96,"date":"2021-04-10T21:15:28","date_gmt":"2021-04-11T00:15:28","guid":{"rendered":"http:\/\/wmt.com.br\/?page_id=96"},"modified":"2021-06-10T16:25:06","modified_gmt":"2021-06-10T19:25:06","slug":"atuacao","status":"publish","type":"page","link":"https:\/\/wmt.com.br\/eng\/atuacao\/","title":{"rendered":"areas"},"content":{"rendered":"<div data-elementor-type=\"wp-page\" data-elementor-id=\"96\" class=\"elementor elementor-96\" data-elementor-post-type=\"page\">\n\t\t\t\t\t\t<section class=\"elementor-section elementor-top-section elementor-element elementor-element-0a2f66d elementor-section-full_width elementor-section-height-min-height elementor-section-height-default elementor-section-items-middle\" data-id=\"0a2f66d\" data-element_type=\"section\" id=\"top\" data-settings=\"{&quot;background_background&quot;:&quot;classic&quot;}\">\n\t\t\t\t\t\t<div class=\"elementor-container elementor-column-gap-no\">\n\t\t\t\t\t<div class=\"elementor-column elementor-col-100 elementor-top-column elementor-element elementor-element-1f09ed5\" data-id=\"1f09ed5\" data-element_type=\"column\">\n\t\t\t<div class=\"elementor-widget-wrap\">\n\t\t\t\t\t\t\t<\/div>\n\t\t<\/div>\n\t\t\t\t\t<\/div>\n\t\t<\/section>\n\t\t\t\t<section class=\"elementor-section elementor-top-section elementor-element elementor-element-b5d56af elementor-section-boxed elementor-section-height-default elementor-section-height-default\" data-id=\"b5d56af\" data-element_type=\"section\">\n\t\t\t\t\t\t<div class=\"elementor-container elementor-column-gap-default\">\n\t\t\t\t\t<div class=\"elementor-column elementor-col-50 elementor-top-column elementor-element elementor-element-49631b3 elementor-invisible\" data-id=\"49631b3\" data-element_type=\"column\" data-settings=\"{&quot;animation&quot;:&quot;fadeIn&quot;}\">\n\t\t\t<div class=\"elementor-widget-wrap elementor-element-populated\">\n\t\t\t\t\t\t<div class=\"elementor-element elementor-element-bea0289 elementor-widget-divider--view-line elementor-widget elementor-widget-divider\" data-id=\"bea0289\" data-element_type=\"widget\" data-widget_type=\"divider.default\">\n\t\t\t\t<div class=\"elementor-widget-container\">\n\t\t\t\t\t<div class=\"elementor-divider\">\n\t\t\t<span class=\"elementor-divider-separator\">\n\t\t\t\t\t\t<\/span>\n\t\t<\/div>\n\t\t\t\t<\/div>\n\t\t\t\t<\/div>\n\t\t\t\t<div class=\"elementor-element elementor-element-de78a10 elementor-widget elementor-widget-text-editor\" data-id=\"de78a10\" data-element_type=\"widget\" data-widget_type=\"text-editor.default\">\n\t\t\t\t<div class=\"elementor-widget-container\">\n\t\t\t\t\t\t\t<p class=\"translation-block\">areas of\u00a0<br>practice<\/p>\t\t\t\t\t\t<\/div>\n\t\t\t\t<\/div>\n\t\t\t\t\t<\/div>\n\t\t<\/div>\n\t\t\t\t<div class=\"elementor-column elementor-col-50 elementor-top-column elementor-element elementor-element-e330b67 elementor-invisible\" data-id=\"e330b67\" data-element_type=\"column\" data-settings=\"{&quot;animation&quot;:&quot;fadeIn&quot;,&quot;animation_delay&quot;:200}\">\n\t\t\t<div class=\"elementor-widget-wrap elementor-element-populated\">\n\t\t\t\t\t\t<div class=\"elementor-element elementor-element-2652d8e itemlista elementor-widget elementor-widget-toggle\" data-id=\"2652d8e\" data-element_type=\"widget\" data-widget_type=\"toggle.default\">\n\t\t\t\t<div class=\"elementor-widget-container\">\n\t\t\t\t\t<div class=\"elementor-toggle\">\n\t\t\t\t\t\t\t<div class=\"elementor-toggle-item\">\n\t\t\t\t\t<div id=\"elementor-tab-title-4011\" class=\"elementor-tab-title\" data-tab=\"1\" role=\"button\" aria-controls=\"elementor-tab-content-4011\" aria-expanded=\"false\">\n\t\t\t\t\t\t\t\t\t\t\t\t<span class=\"elementor-toggle-icon elementor-toggle-icon-right\" aria-hidden=\"true\">\n\t\t\t\t\t\t\t\t\t\t\t\t\t\t\t<span class=\"elementor-toggle-icon-closed\"><i class=\"icon icon-plus\"><\/i><\/span>\n\t\t\t\t\t\t\t\t<span class=\"elementor-toggle-icon-opened\"><i class=\"elementor-toggle-icon-opened icon icon-minus\"><\/i><\/span>\n\t\t\t\t\t\t\t\t\t\t\t\t\t<\/span>\n\t\t\t\t\t\t\t\t\t\t\t\t<a class=\"elementor-toggle-title\" tabindex=\"0\">anticorruption and compliance<\/a>\n\t\t\t\t\t<\/div>\n\n\t\t\t\t\t<div id=\"elementor-tab-content-4011\" class=\"elementor-tab-content elementor-clearfix\" data-tab=\"1\" role=\"region\" aria-labelledby=\"elementor-tab-title-4011\"><p>The firm provides legal advice on:&nbsp;<\/p>\n<ul>\n<li>Internal investigations;<\/li>\n<li>Cooperation and negotiation of leniency and plea bargain agreements with Brazilian authorities <em> (Minist\u00e9rio P\u00fablico, Advocacia Geral da Uni\u00e3o \u2013 AGU, Minist\u00e9rio da Transpar\u00eancia e Controladoria Geral da Uni\u00e3o \u2013 CGU, Comiss\u00e3o de Valores Mobili\u00e1rios \u2013 CVM, Banco Central do Brasil \u2013 BACEN e Tribunais de Contas)<\/em>;<\/li>\n<li>Monitorship programs;<\/li>\n<li>Defense in administrative and court proceedings; and<\/li>\n<li>Review or implementation of Compliance Programs<em>Compliance<\/em>, Ethics and Conduct Codes and Internal Policies.\n<\/li>\n<\/ul><\/div>\n\t\t\t\t<\/div>\n\t\t\t\t\t\t\t<div class=\"elementor-toggle-item\">\n\t\t\t\t\t<div id=\"elementor-tab-title-4012\" class=\"elementor-tab-title\" data-tab=\"2\" role=\"button\" aria-controls=\"elementor-tab-content-4012\" aria-expanded=\"false\">\n\t\t\t\t\t\t\t\t\t\t\t\t<span class=\"elementor-toggle-icon elementor-toggle-icon-right\" aria-hidden=\"true\">\n\t\t\t\t\t\t\t\t\t\t\t\t\t\t\t<span class=\"elementor-toggle-icon-closed\"><i class=\"icon icon-plus\"><\/i><\/span>\n\t\t\t\t\t\t\t\t<span class=\"elementor-toggle-icon-opened\"><i class=\"elementor-toggle-icon-opened icon icon-minus\"><\/i><\/span>\n\t\t\t\t\t\t\t\t\t\t\t\t\t<\/span>\n\t\t\t\t\t\t\t\t\t\t\t\t<a class=\"elementor-toggle-title\" tabindex=\"0\">corporate and m&amp;a<\/a>\n\t\t\t\t\t<\/div>\n\n\t\t\t\t\t<div id=\"elementor-tab-content-4012\" class=\"elementor-tab-content elementor-clearfix\" data-tab=\"2\" role=\"region\" aria-labelledby=\"elementor-tab-title-4012\"><p>The firm provides legal assistance in corporate and mergers &amp; acquisition (M&amp;A) and works on:<\/p><ul><li class=\"translation-block\">Incorporation of companies <em>joint ventures<\/em>,  consortia, foundations, association and other forms of partnerships;<\/li><li>Drafting and negotiation of shareholder\u2019s agreements, joint venture agreements and investment agreements;<\/li><\/ul><ul><li>Advice on legal aspects relating to corporate aspects and corporate governance of publicly- and closely-held companies;<\/li><\/ul><ul><li>Participating in general meetings of shareholders or partners;<\/li><li>Advice on corporate restructuring;<\/li><li>Legal due diligence and advice on mergers and acquisitions (M&amp;A), transfer of control, purchase of company shareholdings and assets, private equity funds and financed acquisitions; and <em>private equity<\/em> e aquisi\u00e7\u00f5es financiadas; e<\/li><li>Foreign investments structure and divestments.<br \/><br \/><\/li><\/ul><\/div>\n\t\t\t\t<\/div>\n\t\t\t\t\t\t\t<div class=\"elementor-toggle-item\">\n\t\t\t\t\t<div id=\"elementor-tab-title-4013\" class=\"elementor-tab-title\" data-tab=\"3\" role=\"button\" aria-controls=\"elementor-tab-content-4013\" aria-expanded=\"false\">\n\t\t\t\t\t\t\t\t\t\t\t\t<span class=\"elementor-toggle-icon elementor-toggle-icon-right\" aria-hidden=\"true\">\n\t\t\t\t\t\t\t\t\t\t\t\t\t\t\t<span class=\"elementor-toggle-icon-closed\"><i class=\"icon icon-plus\"><\/i><\/span>\n\t\t\t\t\t\t\t\t<span class=\"elementor-toggle-icon-opened\"><i class=\"elementor-toggle-icon-opened icon icon-minus\"><\/i><\/span>\n\t\t\t\t\t\t\t\t\t\t\t\t\t<\/span>\n\t\t\t\t\t\t\t\t\t\t\t\t<a class=\"elementor-toggle-title\" tabindex=\"0\">capital markets<\/a>\n\t\t\t\t\t<\/div>\n\n\t\t\t\t\t<div id=\"elementor-tab-content-4013\" class=\"elementor-tab-content elementor-clearfix\" data-tab=\"3\" role=\"region\" aria-labelledby=\"elementor-tab-title-4013\"><p class=\"translation-block\"><strong>wm&amp;t <\/strong>team has extensive experience and works on:<\/p><ul><li>Regulatory advice applying to publicly-held companies;<\/li><li>Public and private offerings of securities;<\/li><li>Public offerings of share acquisition (OPAs);<\/li><li>Filings and cancellations of publicly-held companies\u2019 registration;<\/li><li class=\"translation-block\"><em>Private equity <\/em>and investment funds, including structured funds such as private equity funds (FIP), credit rights investment funds (FIDC) and real estate investment funds (FII);<\/li><li>Defenses in administrative proceedings underway at the Brazilian Securities Commission (CVM) and National Financial System Appeals Council (CRSFN); and<\/li><li>Proceedings related to auto regulation of BM&amp;FBOVESPA and ANBIMA.<br \/><br \/><\/li><\/ul><\/div>\n\t\t\t\t<\/div>\n\t\t\t\t\t\t\t<div class=\"elementor-toggle-item\">\n\t\t\t\t\t<div id=\"elementor-tab-title-4014\" class=\"elementor-tab-title\" data-tab=\"4\" role=\"button\" aria-controls=\"elementor-tab-content-4014\" aria-expanded=\"false\">\n\t\t\t\t\t\t\t\t\t\t\t\t<span class=\"elementor-toggle-icon elementor-toggle-icon-right\" aria-hidden=\"true\">\n\t\t\t\t\t\t\t\t\t\t\t\t\t\t\t<span class=\"elementor-toggle-icon-closed\"><i class=\"icon icon-plus\"><\/i><\/span>\n\t\t\t\t\t\t\t\t<span class=\"elementor-toggle-icon-opened\"><i class=\"elementor-toggle-icon-opened icon icon-minus\"><\/i><\/span>\n\t\t\t\t\t\t\t\t\t\t\t\t\t<\/span>\n\t\t\t\t\t\t\t\t\t\t\t\t<a class=\"elementor-toggle-title\" tabindex=\"0\">banking and finance<\/a>\n\t\t\t\t\t<\/div>\n\n\t\t\t\t\t<div id=\"elementor-tab-content-4014\" class=\"elementor-tab-content elementor-clearfix\" data-tab=\"4\" role=\"region\" aria-labelledby=\"elementor-tab-title-4014\"><p class=\"translation-block\"><strong>wm&amp;t <\/strong>lawyers are fully qualified to assist clients in banking and financing transactions. The banking and finance practices covers:<\/p><ul><li>Legal advice to financial institutions, funds administrators and asset managers, including with respect to acquisition, incorporation and authorization to operate;<\/li><li>Legal advice on structured transactions;<\/li><li>Syndicated loans including with multilateral bodies;<\/li><li>Debt restructuring;<\/li><li>Securitisation;<\/li><li>Acquisition financings;<\/li><li>Structuring of various types of collateral; and<\/li><li>Administrative proceedings before Brazilian Central Bank and National Financial System Appeals Council (CRSFN).<br \/><br \/><\/li><\/ul><\/div>\n\t\t\t\t<\/div>\n\t\t\t\t\t\t\t<div class=\"elementor-toggle-item\">\n\t\t\t\t\t<div id=\"elementor-tab-title-4015\" class=\"elementor-tab-title\" data-tab=\"5\" role=\"button\" aria-controls=\"elementor-tab-content-4015\" aria-expanded=\"false\">\n\t\t\t\t\t\t\t\t\t\t\t\t<span class=\"elementor-toggle-icon elementor-toggle-icon-right\" aria-hidden=\"true\">\n\t\t\t\t\t\t\t\t\t\t\t\t\t\t\t<span class=\"elementor-toggle-icon-closed\"><i class=\"icon icon-plus\"><\/i><\/span>\n\t\t\t\t\t\t\t\t<span class=\"elementor-toggle-icon-opened\"><i class=\"elementor-toggle-icon-opened icon icon-minus\"><\/i><\/span>\n\t\t\t\t\t\t\t\t\t\t\t\t\t<\/span>\n\t\t\t\t\t\t\t\t\t\t\t\t<a class=\"elementor-toggle-title\" tabindex=\"0\">infrastructure and project finance<\/a>\n\t\t\t\t\t<\/div>\n\n\t\t\t\t\t<div id=\"elementor-tab-content-4015\" class=\"elementor-tab-content elementor-clearfix\" data-tab=\"5\" role=\"region\" aria-labelledby=\"elementor-tab-title-4015\"><p>The infrastructure team is specialized in public procurement proceedings as well as contractual and regulatory aspects, including:<\/p><ul><li>Advice on bids, public procurement agreements, permits, authorizations, concessions and Public-Private Partnerships (PPP);<\/li><li>Agreements required for the development and implementation of infrastructure projects, including engineering, procurement and construction agreements (EPC, BOT and aliance), built-to-suit agreements, operation and maintenance agreements (O&amp;M), procurement and supplier agreements, and purchase and sale agreements;<\/li><li class=\"translation-block\">Project finance, including memorandum of understanding (MOU), term sheets, financing agreements, warranty agreements, equity support agreements (ESA), account management agreements and intercreditor agreements; and<\/li><\/ul><ul><li>Insurance.<br \/><br \/><\/li><\/ul><\/div>\n\t\t\t\t<\/div>\n\t\t\t\t\t\t\t\t<\/div>\n\t\t\t\t<\/div>\n\t\t\t\t<\/div>\n\t\t\t\t\t<\/div>\n\t\t<\/div>\n\t\t\t\t\t<\/div>\n\t\t<\/section>\n\t\t\t\t<section class=\"elementor-section elementor-top-section elementor-element elementor-element-66093bc elementor-section-height-min-height elementor-section-boxed elementor-section-height-default elementor-section-items-middle\" data-id=\"66093bc\" data-element_type=\"section\" data-settings=\"{&quot;background_background&quot;:&quot;classic&quot;}\">\n\t\t\t\t\t\t<div class=\"elementor-container elementor-column-gap-no\">\n\t\t\t\t\t<div class=\"elementor-column elementor-col-100 elementor-top-column elementor-element elementor-element-d93b354 elementor-invisible\" data-id=\"d93b354\" data-element_type=\"column\" data-settings=\"{&quot;animation&quot;:&quot;fadeIn&quot;}\">\n\t\t\t<div class=\"elementor-widget-wrap elementor-element-populated\">\n\t\t\t\t\t\t<div class=\"elementor-element elementor-element-cb3e0ce text elementor-widget elementor-widget-text-editor\" data-id=\"cb3e0ce\" data-element_type=\"widget\" data-widget_type=\"text-editor.default\">\n\t\t\t\t<div class=\"elementor-widget-container\">\n\t\t\t\t\t\t\t<p class=\"translation-block\">we are experienced in handling complex cases<br \/> in the areas in which we operate.<\/p>\t\t\t\t\t\t<\/div>\n\t\t\t\t<\/div>\n\t\t\t\t\t<\/div>\n\t\t<\/div>\n\t\t\t\t\t<\/div>\n\t\t<\/section>\n\t\t\t\t<section class=\"elementor-section elementor-top-section elementor-element elementor-element-1669c83 elementor-section-full_width elementor-section-height-min-height elementor-section-height-default elementor-section-items-middle\" data-id=\"1669c83\" data-element_type=\"section\" data-settings=\"{&quot;background_background&quot;:&quot;classic&quot;}\">\n\t\t\t\t\t\t<div class=\"elementor-container elementor-column-gap-no\">\n\t\t\t\t\t<div class=\"elementor-column elementor-col-100 elementor-top-column elementor-element elementor-element-2ec0623\" data-id=\"2ec0623\" data-element_type=\"column\">\n\t\t\t<div class=\"elementor-widget-wrap\">\n\t\t\t\t\t\t\t<\/div>\n\t\t<\/div>\n\t\t\t\t\t<\/div>\n\t\t<\/section>\n\t\t\t\t<\/div>","protected":false},"excerpt":{"rendered":"<p>\u00e1reas de\u00a0atua\u00e7\u00e3o anticorrup\u00e7\u00e3o e conformidade (compliance) A atua\u00e7\u00e3o do escrit\u00f3rio abrange:&nbsp; Investiga\u00e7\u00f5es internas; Coopera\u00e7\u00e3o e negocia\u00e7\u00e3o de acordos de leni\u00eancia, dela\u00e7\u00f5es premiadas e termos de ajustamento de conduta com autoridades brasileiras (Minist\u00e9rio P\u00fablico, Advocacia Geral da Uni\u00e3o \u2013 AGU, Minist\u00e9rio da Transpar\u00eancia e Controladoria Geral da Uni\u00e3o \u2013 CGU, Comiss\u00e3o de Valores Mobili\u00e1rios \u2013 CVM, [&hellip;]<\/p>","protected":false},"author":1,"featured_media":1157,"parent":0,"menu_order":0,"comment_status":"closed","ping_status":"closed","template":"","meta":{"footnotes":""},"class_list":["post-96","page","type-page","status-publish","has-post-thumbnail","hentry"],"yoast_head":"<!-- This site is optimized with the Yoast SEO plugin v26.9 - https:\/\/yoast.com\/product\/yoast-seo-wordpress\/ -->\n<title>\u00c1reas de atua\u00e7\u00e3o - WM&amp;T<\/title>\n<meta name=\"description\" content=\"Temos experi\u00eancia na condu\u00e7\u00e3o de casos complexos nas \u00e1reas em que atuamos. Anticorrup\u00e7\u00e3o e Conformidade (Compliance), Direito Societ\u00e1rio...\" \/>\n<meta name=\"robots\" content=\"index, follow, max-snippet:-1, max-image-preview:large, max-video-preview:-1\" \/>\n<link rel=\"canonical\" href=\"https:\/\/wmt.com.br\/eng\/atuacao\/\" \/>\n<meta property=\"og:locale\" content=\"en_US\" \/>\n<meta property=\"og:type\" content=\"article\" \/>\n<meta property=\"og:title\" content=\"\u00c1reas de atua\u00e7\u00e3o - WM&amp;T\" \/>\n<meta property=\"og:description\" content=\"Temos experi\u00eancia na condu\u00e7\u00e3o de casos complexos nas \u00e1reas em que atuamos. Anticorrup\u00e7\u00e3o e Conformidade (Compliance), Direito Societ\u00e1rio...\" \/>\n<meta property=\"og:url\" content=\"https:\/\/wmt.com.br\/eng\/atuacao\/\" \/>\n<meta property=\"og:site_name\" content=\"WM&amp;T\" \/>\n<meta property=\"article:modified_time\" content=\"2021-06-10T19:25:06+00:00\" \/>\n<meta property=\"og:image\" content=\"https:\/\/wmt.com.br\/wp-content\/uploads\/2021\/06\/cropped-favicon_wmt3-1.png\" \/>\n\t<meta property=\"og:image:width\" content=\"512\" \/>\n\t<meta property=\"og:image:height\" content=\"512\" \/>\n\t<meta property=\"og:image:type\" content=\"image\/png\" \/>\n<meta name=\"twitter:card\" content=\"summary_large_image\" \/>\n<meta name=\"twitter:label1\" content=\"Est. reading time\" \/>\n\t<meta name=\"twitter:data1\" content=\"3 minutes\" \/>\n<script type=\"application\/ld+json\" class=\"yoast-schema-graph\">{\"@context\":\"https:\/\/schema.org\",\"@graph\":[{\"@type\":\"WebPage\",\"@id\":\"https:\/\/wmt.com.br\/atuacao\/\",\"url\":\"https:\/\/wmt.com.br\/atuacao\/\",\"name\":\"\u00c1reas de atua\u00e7\u00e3o - WM&amp;T\",\"isPartOf\":{\"@id\":\"https:\/\/wmt.com.br\/#website\"},\"primaryImageOfPage\":{\"@id\":\"https:\/\/wmt.com.br\/atuacao\/#primaryimage\"},\"image\":{\"@id\":\"https:\/\/wmt.com.br\/atuacao\/#primaryimage\"},\"thumbnailUrl\":\"https:\/\/wmt.com.br\/wp-content\/uploads\/2021\/06\/cropped-favicon_wmt3-1.png\",\"datePublished\":\"2021-04-11T00:15:28+00:00\",\"dateModified\":\"2021-06-10T19:25:06+00:00\",\"description\":\"Temos experi\u00eancia na condu\u00e7\u00e3o de casos complexos nas \u00e1reas em que atuamos. Anticorrup\u00e7\u00e3o e Conformidade (Compliance), Direito Societ\u00e1rio...\",\"inLanguage\":\"en-US\",\"potentialAction\":[{\"@type\":\"ReadAction\",\"target\":[\"https:\/\/wmt.com.br\/atuacao\/\"]}]},{\"@type\":\"ImageObject\",\"inLanguage\":\"en-US\",\"@id\":\"https:\/\/wmt.com.br\/atuacao\/#primaryimage\",\"url\":\"https:\/\/wmt.com.br\/wp-content\/uploads\/2021\/06\/cropped-favicon_wmt3-1.png\",\"contentUrl\":\"https:\/\/wmt.com.br\/wp-content\/uploads\/2021\/06\/cropped-favicon_wmt3-1.png\",\"width\":512,\"height\":512},{\"@type\":\"WebSite\",\"@id\":\"https:\/\/wmt.com.br\/#website\",\"url\":\"https:\/\/wmt.com.br\/\",\"name\":\"WM&amp;T\",\"description\":\"\",\"publisher\":{\"@id\":\"https:\/\/wmt.com.br\/#organization\"},\"potentialAction\":[{\"@type\":\"SearchAction\",\"target\":{\"@type\":\"EntryPoint\",\"urlTemplate\":\"https:\/\/wmt.com.br\/?s={search_term_string}\"},\"query-input\":{\"@type\":\"PropertyValueSpecification\",\"valueRequired\":true,\"valueName\":\"search_term_string\"}}],\"inLanguage\":\"en-US\"},{\"@type\":\"Organization\",\"@id\":\"https:\/\/wmt.com.br\/#organization\",\"name\":\"WM&amp;T\",\"url\":\"https:\/\/wmt.com.br\/\",\"logo\":{\"@type\":\"ImageObject\",\"inLanguage\":\"en-US\",\"@id\":\"https:\/\/wmt.com.br\/#\/schema\/logo\/image\/\",\"url\":\"https:\/\/wmt.com.br\/wp-content\/uploads\/2021\/06\/cropped-favicon_wmt.png\",\"contentUrl\":\"https:\/\/wmt.com.br\/wp-content\/uploads\/2021\/06\/cropped-favicon_wmt.png\",\"width\":512,\"height\":512,\"caption\":\"WM&amp;T\"},\"image\":{\"@id\":\"https:\/\/wmt.com.br\/#\/schema\/logo\/image\/\"}}]}<\/script>\n<!-- \/ Yoast SEO plugin. -->","yoast_head_json":{"title":"\u00c1reas de atua\u00e7\u00e3o - WM&amp;T","description":"Temos experi\u00eancia na condu\u00e7\u00e3o de casos complexos nas \u00e1reas em que atuamos. Anticorrup\u00e7\u00e3o e Conformidade (Compliance), Direito Societ\u00e1rio...","robots":{"index":"index","follow":"follow","max-snippet":"max-snippet:-1","max-image-preview":"max-image-preview:large","max-video-preview":"max-video-preview:-1"},"canonical":"https:\/\/wmt.com.br\/eng\/atuacao\/","og_locale":"en_US","og_type":"article","og_title":"\u00c1reas de atua\u00e7\u00e3o - WM&amp;T","og_description":"Temos experi\u00eancia na condu\u00e7\u00e3o de casos complexos nas \u00e1reas em que atuamos. Anticorrup\u00e7\u00e3o e Conformidade (Compliance), Direito Societ\u00e1rio...","og_url":"https:\/\/wmt.com.br\/eng\/atuacao\/","og_site_name":"WM&amp;T","article_modified_time":"2021-06-10T19:25:06+00:00","og_image":[{"width":512,"height":512,"url":"https:\/\/wmt.com.br\/wp-content\/uploads\/2021\/06\/cropped-favicon_wmt3-1.png","type":"image\/png"}],"twitter_card":"summary_large_image","twitter_misc":{"Est. reading time":"3 minutes"},"schema":{"@context":"https:\/\/schema.org","@graph":[{"@type":"WebPage","@id":"https:\/\/wmt.com.br\/atuacao\/","url":"https:\/\/wmt.com.br\/atuacao\/","name":"\u00c1reas de atua\u00e7\u00e3o - WM&amp;T","isPartOf":{"@id":"https:\/\/wmt.com.br\/#website"},"primaryImageOfPage":{"@id":"https:\/\/wmt.com.br\/atuacao\/#primaryimage"},"image":{"@id":"https:\/\/wmt.com.br\/atuacao\/#primaryimage"},"thumbnailUrl":"https:\/\/wmt.com.br\/wp-content\/uploads\/2021\/06\/cropped-favicon_wmt3-1.png","datePublished":"2021-04-11T00:15:28+00:00","dateModified":"2021-06-10T19:25:06+00:00","description":"Temos experi\u00eancia na condu\u00e7\u00e3o de casos complexos nas \u00e1reas em que atuamos. Anticorrup\u00e7\u00e3o e Conformidade (Compliance), Direito Societ\u00e1rio...","inLanguage":"en-US","potentialAction":[{"@type":"ReadAction","target":["https:\/\/wmt.com.br\/atuacao\/"]}]},{"@type":"ImageObject","inLanguage":"en-US","@id":"https:\/\/wmt.com.br\/atuacao\/#primaryimage","url":"https:\/\/wmt.com.br\/wp-content\/uploads\/2021\/06\/cropped-favicon_wmt3-1.png","contentUrl":"https:\/\/wmt.com.br\/wp-content\/uploads\/2021\/06\/cropped-favicon_wmt3-1.png","width":512,"height":512},{"@type":"WebSite","@id":"https:\/\/wmt.com.br\/#website","url":"https:\/\/wmt.com.br\/","name":"WM&amp;T","description":"","publisher":{"@id":"https:\/\/wmt.com.br\/#organization"},"potentialAction":[{"@type":"SearchAction","target":{"@type":"EntryPoint","urlTemplate":"https:\/\/wmt.com.br\/?s={search_term_string}"},"query-input":{"@type":"PropertyValueSpecification","valueRequired":true,"valueName":"search_term_string"}}],"inLanguage":"en-US"},{"@type":"Organization","@id":"https:\/\/wmt.com.br\/#organization","name":"WM&amp;T","url":"https:\/\/wmt.com.br\/","logo":{"@type":"ImageObject","inLanguage":"en-US","@id":"https:\/\/wmt.com.br\/#\/schema\/logo\/image\/","url":"https:\/\/wmt.com.br\/wp-content\/uploads\/2021\/06\/cropped-favicon_wmt.png","contentUrl":"https:\/\/wmt.com.br\/wp-content\/uploads\/2021\/06\/cropped-favicon_wmt.png","width":512,"height":512,"caption":"WM&amp;T"},"image":{"@id":"https:\/\/wmt.com.br\/#\/schema\/logo\/image\/"}}]}},"_links":{"self":[{"href":"https:\/\/wmt.com.br\/eng\/wp-json\/wp\/v2\/pages\/96","targetHints":{"allow":["GET"]}}],"collection":[{"href":"https:\/\/wmt.com.br\/eng\/wp-json\/wp\/v2\/pages"}],"about":[{"href":"https:\/\/wmt.com.br\/eng\/wp-json\/wp\/v2\/types\/page"}],"author":[{"embeddable":true,"href":"https:\/\/wmt.com.br\/eng\/wp-json\/wp\/v2\/users\/1"}],"replies":[{"embeddable":true,"href":"https:\/\/wmt.com.br\/eng\/wp-json\/wp\/v2\/comments?post=96"}],"version-history":[{"count":111,"href":"https:\/\/wmt.com.br\/eng\/wp-json\/wp\/v2\/pages\/96\/revisions"}],"predecessor-version":[{"id":1222,"href":"https:\/\/wmt.com.br\/eng\/wp-json\/wp\/v2\/pages\/96\/revisions\/1222"}],"wp:featuredmedia":[{"embeddable":true,"href":"https:\/\/wmt.com.br\/eng\/wp-json\/wp\/v2\/media\/1157"}],"wp:attachment":[{"href":"https:\/\/wmt.com.br\/eng\/wp-json\/wp\/v2\/media?parent=96"}],"curies":[{"name":"wp","href":"https:\/\/api.w.org\/{rel}","templated":true}]}}